18*j = 17*j + 142. What is the tens digit of j?
4
Suppose 97 - 7 = -6*l. What is the tens digit of (-2)/(-10) - 222/l?
1
Let w be ((-4 - -5) + 0)*17. Suppose f = 3, 2*f - 151 = -3*b + w. What is the tens digit of b?
5
Let f(m) be the first derivative of 33*m**4/4 + m**3/3 - m**2/2 + 5. What is the tens digit of f(1)?
3
Let z(n) = n**3 + 4*n**2 + 3*n + 2. Let y be z(-2). Suppose -w = a - 3*w + y, 4*a + 52 = -w. What is the units digit of 66/10 + a/(-30)?
7
Let v(d) = -d**2 + 6*d - 7. Let t be v(7). Let b(w) = w + 18. What is the units digit of b(t)?
4
Suppose 4*m - 3*m - 5*i = 11, 11 = 5*m - 3*i. Let v(t) = -5*t**3 - 2*t**2 + 1. Let b be v(m). Let s = b + 14. What is the units digit of s?
8
What is the units digit of -700*((-24)/10 + (4 - 2))?
0
Let d = -22 - -39. What is the units digit of d?
7
Let u = -7 - -3. Let g(k) = -k**3 - 4*k**2 + 2. Let l be g(u). What is the units digit of (3 + -1)/(l/4)?
4
Let p = 24 - 4. Suppose 3*b - p - 10 = 0. What is the tens digit of b?
1
Suppose 105 - 337 = -4*m. What is the units digit of m?
8
Let p be (2 + -1 + -17)/(-2). Suppose -g + p = 1. What is the units digit of g?
7
Let a(t) = t**3 - 4*t + 6*t**2 + 4 - 4 + 3*t. What is the units digit of a(-6)?
6
Suppose 3*w - 201 = -3*g, -g + 3 = -1. What is the tens digit of w?
6
Let w(c) = 18*c**2 + 1. What is the tens digit of w(-1)?
1
Let i = -3 + 15. Suppose 11*p - 7*p = i. What is the units digit of p?
3
Let r be 2/9 - (-168)/(-27). What is the units digit of 14/6 - r/(-18)?
2
Let b = 20 + -7. Let l = 39 - b. What is the tens digit of l?
2
What is the units digit of (-10)/15 + 28/6?
4
Let w(t) = 2*t + 0*t - 9*t**2 - 2 + 3 + t**2. Let r be w(-1). Let z = r - -19. What is the units digit of z?
0
Let u(o) = -o**2 + o - 1. Let x be u(1). What is the units digit of (-9)/3 - 23/x?
0
Suppose 0 = 2*c, -c - 4*c - 206 = -2*j. What is the tens digit of j?
0
What is the units digit of (0 - -1) + 0/7?
1
Let r(u) = -u**3 + 3*u**2 + 12*u - 15. What is the units digit of r(-6)?
7
Suppose 3*u + 35 + 1 = 0. Let q = -20 - u. Let f(y) = -y + 9. What is the tens digit of f(q)?
1
Let p(s) = 2*s**3 + 1. Let t be p(1). Suppose -t*y = -8*y - 90. Let g = -12 - y. What is the units digit of g?
6
What is the tens digit of 9/(27/(-2))*-33?
2
Let q be 5*-1 - 3/3. What is the units digit of 60/9 + 4/q?
6
Suppose -4*s = -a + 28, 3*a - 2*s = -2*a + 158. What is the units digit of a?
2
Let t(k) = 4*k**2 - 4 + k + 0*k - 2*k**2. Let s be t(-3). Suppose 7 = 3*q - s. What is the units digit of q?
6
What is the units digit of (6/2)/((-21)/(-371))?
3
Suppose -2*r = -4*m + 6, -5 = -3*r - 2. What is the units digit of m?
2
Let q(o) = o**3 + 5*o**2 - o - 4. Let a(c) = c**2 - 5*c. Let n be a(6). Suppose 10 + n = -4*l. What is the tens digit of q(l)?
1
Suppose -89 = -3*n + 5*d, n + n - d - 50 = 0. What is the tens digit of n?
2
Let l(y) = y + 11. Let g be -2 + -3 - (-2 + 4). What is the units digit of l(g)?
4
Suppose z = -2*z. Let j = z - -3. What is the units digit of j?
3
Let d = 24 + -1. What is the tens digit of d?
2
Let z = 6 + 71. What is the units digit of z?
7
Let u(x) = x + 7. Let t be (1/(-2))/(1/(-8)). Let m be 2/8 - 17/t. What is the units digit of u(m)?
3
Let z = 18 - 8. What is the units digit of z - (4/1 + -3)?
9
Let w be (-2)/(3 - 105/33). Suppose -29 = -2*z - z - 5*n, 5*z - n = w. What is the units digit of z?
3
Suppose -2*b + 5*s = -22, b + 2*b + 2*s - 71 = 0. What is the tens digit of b?
2
Let m be -2*(-2)/8*10. Suppose 4*r + 42 = m*a, 3 = -a - 0*r - 3*r. What is the units digit of a?
6
Let y(c) = 2*c**2 + 3*c**2 + c**3 - 5 + 0*c**2 - 5*c. Let j be y(-6). What is the units digit of (j/(-4) + -1)*4?
7
Suppose s - 2 = 4. What is the units digit of 10/((-3)/s*-2)?
0
Let w be 82/3 + (-4)/(-6). Suppose -w - 13 = -m. Suppose -11 = 5*d - m. What is the units digit of d?
6
Suppose -33 = -3*c + 27. Suppose -4*i = -c - 0. What is the units digit of (i/(-2))/(1/(-2))?
5
Let r = -1 - -7. Let x = -5 + r. What is the units digit of x?
1
What is the tens digit of (-36)/(-2) - (-8 + 8)?
1
Let n(j) be the second derivative of 47*j**4/12 + j**3/2 + j**2 - j. What is the units digit of n(-1)?
6
Let m = -75 + 106. What is the tens digit of m?
3
Suppose -3*k + k + 4 = 0. Suppose k*w - b = -2*w + 24, 3*b - 40 = -4*w. What is the units digit of w?
7
Let q be 1273/15 + (-4)/(-30). Let w = q - 39. What is the units digit of w?
6
Suppose 4*p - 11 = 5. Let o = p + 1. Let g = 9 - o. What is the units digit of g?
4
Let s = 8 - -2. Let b(v) be the third derivative of v**4/12 - 7*v**3/3 + v**2. What is the units digit of b(s)?
6
Let i be 0 + -1 + 3/1. Suppose n = i + 2. Suppose -g - 39 = -n*g. What is the units digit of g?
3
Let n = 25 - 39. Let j = n + 10. What is the tens digit of 66/9*(-6)/j?
1
Suppose 5*x + 6*x - 341 = 0. What is the units digit of x?
1
Let x(i) = i**2 - 2*i - 2. Let m be (2 - 9/6)*6. What is the units digit of x(m)?
1
Let r(f) be the second derivative of f**4/12 + 5*f**3/6 + f**2 - f. Let v be r(-5). What is the tens digit of ((-34)/3)/(v/(-3))?
1
Let i = -43 + 64. Suppose 3*r - i = 2*r. What is the units digit of r?
1
Let l(p) be the third derivative of p**4/8 + p**3/2 + p**2. Let j(i) = 16*i + 14. Let u(n) = -2*j(n) + 11*l(n). What is the units digit of u(5)?
0
Suppose 5*c + 0*c = 20. Suppose 5*g - 3*i = 90, 0*g + c*g + 3*i - 72 = 0. What is the units digit of g?
8
Suppose 6*q = 5*q + 18. What is the tens digit of q?
1
Let j = -1 - -52. What is the units digit of j?
1
Let x(u) = u**2 - 4*u + 1. Suppose -m - 15 = -6*m. Let p be x(m). What is the units digit of (-2)/(-3)*(-21)/p?
7
Let u(r) = -r. Let m be u(2). What is the tens digit of (12/5)/(m/(-15))?
1
Suppose -w - 8 - 10 = 0. Let b = w + 35. What is the units digit of b?
7
Let b(j) = j**3 - 12*j**2 + 12*j - 9. Let r be b(11). Let t(i) = i**2 - 3*i + 3*i**2 - i**r - 3. What is the units digit of t(-2)?
5
Suppose 0 = -0*t - 2*t. Suppose 3*p - p = 4. Suppose p = -t*f + f. What is the units digit of f?
2
Suppose -7*q - 1170 = -12*q. What is the hundreds digit of q?
2
Let g = -2 - -54. What is the units digit of g?
2
Let y(l) = l**2 + 8*l - 10. Let n be (-1)/(12/33)*4. Let v be y(n). Suppose -3*a + 2*i = -2, i + 2*i - v = -2*a. What is the units digit of a?
4
Let d(g) = -g - 4. Let h be d(-5). Let i = h + 5. Suppose 0 - i = -m. What is the units digit of m?
6
Let p = -23 + 121. What is the units digit of p?
8
What is the tens digit of (-2 + 4 + 0 + 8)*2?
2
Suppose -s = 3*p + 1, 2*p + 24 = s + 3*s. Suppose -5*n - u = -75, 5*u + 87 = s*n - 18. Suppose 0 = 4*x - n, 3*l + 15 = -2*x + 38. What is the units digit of l?
5
Let t = -71 + 101. What is the tens digit of t?
3
Let v be (-18)/(-8) - 5/20. Suppose -v*n = n. Suppose 2*w + 0*w - 8 = n. What is the units digit of w?
4
Let s(n) = n - 8. Let g be s(7). Let y be (1 + 1)*g - -20. Suppose -2*d + 4*m + 10 = -y, -4*d + 6 = 2*m. What is the units digit of d?
4
Suppose 3*u + 9 = -0*u, -u = z - 116. What is the hundreds digit of z?
1
Let k(n) = -3*n**3 + 5*n + 9. What is the units digit of k(-4)?
1
Suppose 2*x = 10 - 46. Suppose 58 = -6*r - 92. Let s = x - r. What is the units digit of s?
7
Let j(o) = -6*o - 3*o**3 + 5*o + 0*o**2 - 2 + 0*o**3 - o**2. What is the units digit of j(-2)?
0
Let w = -142 + 317. What is the hundreds digit of w?
1
Let j(c) = 2*c - 5 + 4*c - 5*c + 0*c. Let p be j(11). Suppose -4*k - 4*h = -8*h - 24, -5*h = k - p. What is the units digit of k?
6
Let k = 6 - -10. Suppose 4*m - 4 = -a, 5*m = -4*a + 22 + k. What is the units digit of a?
2
Suppose 4*y - 4 = -4*w, -4*y - w + 13 = -0*w. Suppose 3*c = 5*c + y*f + 192, -5*f - 81 = c. What is the tens digit of (-14)/(-35) + c/(-10)?
1
Let m = -2 - -2. Suppose 4*l - 15 + 3 = m. What is the units digit of l?
3
What is the hundreds digit of 5/25*2 + 1746/10?
1
What is the units digit of (57/(-4))/((-21)/56)?
8
Let y = -6 + 6. Suppose 5*f = -3*t + 2, y*f = 5*t + 3*f - 30. What is the units digit of t?
9
Let t(i) = 2*i**2 - 6*i + 4. What is the hundreds digit of t(12)?
2
Let g(r) = -r**3 + 8*r**2 - 6*r - 5. Let z be g(6). Suppose -f + 5*n + z = 2*f, 0 = -n + 4. What is the units digit of (f/(-2))/((-1)/2)?
7
Let x(f) be the third derivative of -f**5/60 - 7*f**4/12 - 3*f**3/2 + 7*f**2. What is the units digit of x(-13)?
4
Let i(z) = -2 + 4 +